ded by u(w).
0
Let i(p) = 16*p + 4. Suppose 0 = w - 27 - 16. Let o = -25 + w. Calculate the remainder when i(3) is divided by o.
16
Let u = -1 - -3. Calculate the remainder when -1 - u*3/(-2) is divided by 2.
0
Let f(a) = a + 8. What is the remainder when 95 is divided by f(8)?
15
Let s = -8 + 12. Let g(d) = -7*d**2 + 3*d - 5. Let f(w) = 6*w**2 - 3*w + 4. Let q(i) = 5*f(i) + 4*g(i). What is the remainder when s is divided by q(2)?
0
Let g(v) = 9*v + 1. Calculate the remainder when g(3) is divided by 15.
13
Let n(m) = -11*m + 1. Let i be n(-1). Suppose -4*t = 4*x + i, -4*t = 2*x - 7*t + 6. Let h = x + 10. Calculate the remainder when 13 is divided by h.
6
Let d be (-9)/(-4) + 4/(-16). Suppose -d*v - 26 + 88 = 0. Suppose -4*c - 32 = -2*l, 3*c = 2*l - 35 + 3. Calculate the remainder when v is divided by l.
15
What is the remainder when 4 + 2 + -2 + 10 is divided by 8?
6
Suppose n + 53 = 72. What is the remainder when 35 is divided by n?
16
Let t = -83 - -129. Calculate the remainder when t is divided by 13.
7
Suppose 0 = -s - 126. Calculate the remainder when (-1)/(-3) - (-148)/6 is divided by s/(-10) + 6/15.
12
Let t be (75*2)/(1 - 0). Suppose 0 = -2*j - 3*j + t. Suppose f + j = 3*f. What is the remainder when f is divided by 8?
7
Suppose 0 + 1 = -r - 3*j, -r - 4*j - 2 = 0. Calculate the remainder when 9 is divided by r.
1
Calculate the remainder when 40 is divided by (-6 + 3)*-1 + 11.
12
Let x(u) = 3*u. What is the remainder when x(4) is divided by 3/((-7)/((-140)/12))?
2
Let o = 31 + -10. Suppose -4*z + 27 = -17. Calculate the remainder when o is divided by z.
10
Let a be 7/3 + 1/(-3). Let v(t) = t**2 - 8*t + 8. Let h(p) = p**2 - 15*p + 15. Let s(q) = -6*h(q) + 11*v(q). What is the remainder when s(a) is divided by 12?
10
Let a(n) = n**2 + 6*n - 13. Let w be a(-11). Let r = w - 25. Calculate the remainder when 31 is divided by r.
14
Let a(l) = l**2 + 8*l - 8. What is the remainder when a(-10) is divided by 6?
0
Let n(i) = i**3 - 6*i**2 + 6*i + 1. Let b be n(5). Let z = -1 + b. Calculate the remainder when 9 is divided by z.
4
Let s = 8 - 5. Suppose -2 = -w + 3*j, -s*j - 4 = -2*w - 0*w. Suppose w*l - 44 = -2. Calculate the remainder when 61 is divided by l.
19
Suppose 11*v = 4*v + 119. What is the remainder when 25 is divided by v?
8
Let d(w) = w + 3. Suppose 5*k - 115 = 15. Calculate the remainder when k is divided by d(4).
5
Let y(t) = -t**3 - 7*t**2 - 8*t + 6. What is the remainder when 33 is divided by y(-6)?
15
Suppose -12 = -r - 5. What is the remainder when 12 is divided by r?
5
Let h = -74 - -35. Let c = h + 56. Calculate the remainder when c is divided by 6.
5
Let t = -12 + 8. Calculate the remainder when 27 is divided by (0 + 5)/((-2)/t).
7
Suppose 0*q - 20 = 4*q. Let n(k) = -k**2 + 8*k + 0 + 6 + 3*k**2. What is the remainder when n(q) is divided by 9?
7
Calculate the remainder when (-22 - -1)*(-4)/3 is divided by 15.
13
Suppose -4*t - 15 = -2*c - t, 4*t = -3*c + 65. Calculate the remainder when c is divided by 8.
7
Suppose 2*o = -3*v - 13, o - 5 = v + 1. What is the remainder when 1 is divided by o?
0
Let k = -10 - -15. Suppose -k*p + 124 = 49. Suppose -20 = -4*b + 96. What is the remainder when b is divided by p?
14
What is the remainder when 2391/45 - 8/60 is divided by 27?
26
What is the remainder when 7/(-4 - (-39)/9) is divided by 4?
1
Suppose 3*b = 53 + 25. What is the remainder when b is divided by 9?
8
Suppose -v = -2*a, 0 = a - 6*a - 3*v - 22. What is the remainder when 2 is divided by -2 - (-1 + 0) - a?
0
Suppose 3*l = 7*l + 88. Suppose 0*g + 22 = 3*u + 4*g, 2*u = 3*g + 9. Let m = u - l. What is the remainder when m is divided by 10?
8
Suppose 4*r - 7 - 13 = 0. What is the remainder when (4 - 0) + 8 + (-10)/(-5) is divided by r?
4
Let n(t) = -t**2 + 3*t + 3. Let f be n(3). Suppose 2*b + f*b = 80. Calculate the remainder when 47 is divided by b.
15
Suppose 0 = 2*y + 3*y - 15. Suppose -56 = -y*d - d. Suppose 0 = 3*p - 4*p + d. What is the remainder when p is divided by 8?
6
Let g = -20 - -110. Suppose -46 = -3*b + x - 0*x, 5*x + g = 5*b. What is the remainder when 41 is divided by b?
13
Suppose 10 = -5*o - 5*f, 3*o - 5 = 4*o + 2*f. Let i be o/3 + (-752)/(-12). Suppose -5*z + i = -152. Calculate the remainder when z is divided by 22.
21
Suppose 5*c = -2*b + 101 - 12, -2*b + 116 = -4*c. Let f = -31 + b. Calculate the remainder when 81 is divided by f.
18
Let r(v) = -v**2 + v + 6. Let z be r(0). Let f(h) = -h**2 + 2*h. Let b be f(z). Let j = b + 42. What is the remainder when 35 is divided by j?
17
Suppose -n + 5 = -33. Calculate the remainder when n is divided by 10.
8
Suppose 4*i + 100 = 5*j - j, 5*i = -4*j + 55. What is the remainder when j is divided by 8?
4
Let q = -7 + 15. Suppose -3*c - 2*g + 23 = 0, -4*g - q = -5*c + 45. What is the remainder when 15 is divided by c?
6
Let c(o) = -1 - o + 11*o**2 + o - 2*o. What is the remainder when 4/(-14) + (-156)/(-7) is divided by c(-1)?
10
Suppose -4*m = 4 - 28. Suppose 5*g + 3 = l - 23, 3*l - 3*g = 66. Calculate the remainder when l is divided by m.
3
Suppose -6 = -3*n, -2*x - x + 31 = -n. Suppose -f - s + 15 = 3*s, 3*f = -s + 23. Calculate the remainder when x is divided by f.
4
Let c(b) be the third derivative of 5*b**4/24 - b**3/2 + 2*b**2. Calculate the remainder when c(9) is divided by 11.
9
Suppose 5*f - 70 = -5*t, -2*f + 37 = 3*t - 4*t. What is the remainder when 56 is divided by f?
5
Suppose -13*m + 6 = -11*m. Calculate the remainder when 7 is divided by m.
1
Let m = 122 + -84. What is the remainder when m is divided by 14?
10
Let d(q) = -2*q**2 + 5*q. Let u be d(4). Calculate the remainder when (-486)/(-10) + u/(-30) is divided by 13.
10
Let t(c) = -c**3 + 4*c**2 - 7*c - 2. Let l be t(-5). Suppose 5*v - 7 = l. Calculate the remainder when v is divided by (-102)/663 - (-184)/13.
11
Let h(c) = c**2 - 23*c + 34. Calculate the remainder when 34 is divided by h(22).
10
Let l = 2 - -2. Suppose 245 = l*k - 15. Calculate the remainder when k is divided by 22.
21
Suppose -4*p = -4*j - 140, 10*p + 4*j = 5*p + 175. Suppose 3*w + p = 5*n, w = -w - 10. What is the remainder when 11 is divided by n?
3
Let g = -15 + 18. Let s(a) = -a**3 + 3*a**2 + 1. What is the remainder when 4 is divided by s(g)?
0
Suppose 2*x + 110 = 7*x. Suppose -z - 4*b + 10 = -3*z, -x = -2*z - 4*b. Suppose 2*p = -t + 24, 3*p + t = z*t + 29. What is the remainder when p is divided by 4?
3
Suppose 4*c - 20 = -0. Suppose -c*j - 5*u = 25, -2*u = 5*j - u + 25. Let s = j + 18. What is the remainder when 37 is divided by s?
11
What is the remainder when ((-176)/66)/(2/(-6)) is divided by 5?
3
Suppose 2*j - 3*j + 6 = 0. Calculate the remainder when 3/j*15*2 is divided by 4.
3
Suppose 32 = 4*a - 3*f, -a + 6*f - 2*f - 5 = 0. Let w = -47 - -89. Calculate the remainder when w is divided by a.
9
What is the remainder when 43 is divided by 4/9 + 308/36?
7
Let k = -14 + 17. Calculate the remainder when k is divided by 1.
0
Suppose -2*h = p - 0 - 4, 1 = -h. Let b(v) = -v**3 - 5*v**2 - 6*v - 4. What is the remainder when p is divided by b(-4)?
2
Suppose 4*n - 5*n = i - 44, -4*i = 2*n - 90. Calculate the remainder when 169 is divided by n.
40
Let g = -53 - -90. Suppose -9 = 2*s - 3*t, -4*s - 4*t = t - g. Calculate the remainder when (-5 + 2)*(-16)/s is divided by 9.
7
Let g(f) = f**3 + 12*f**2 + 9*f - 8. Let x = 1 - 0. Suppose -4*j + 8 + 18 = -3*o, -2*o = j - x. What is the remainder when g(-11) is divided by j?
4
Let v(z) be the third derivative of -z**5/15 + z**4/6 + 5*z**3/6 - 2*z**2. Let r be v(4). Let b = -24 - r. Calculate the remainder when 36 is divided by b.
17
Let p be (-969)/(-15) + (-2)/(-5). Suppose -7*h = -2*h - p. Suppose 3*i + 5*g = 47, -i + 4 = -5*g - 45. Calculate the remainder when i is divided by h.
11
Suppose m + 6 = 4. Let p = m - -21. What is the remainder when 36 is divided by p?
17
Suppose 0*j = -j + i + 37, -3*i = -j + 27. Calculate the remainder when j is divided by 9.
6
Calculate the remainder when (-13 - -1)*(-10)/8 is divided by 6.
3
Let u(d) = 23*d - 3. Calculate the remainder when u(3) is divided by 17.
15
Let r(l) = -6*l**2 - 5*l. Let i be r(4). Calculate the remainder when ((-8)/16)/(2/i) is divided by 15.
14
Suppose b = -10 + 35. Let s(z) be the third derivative of z**5/30 - z**3/6 + 4*z**2. 